r of 6 and u?
6
Suppose 0 = 3*f - f - 72. Suppose 2*o + 5*o = -245. Let l = 59 + o. What is the greatest common factor of l and f?
12
Suppose 25*l + 18*l - 301 = 0. Let g be -1 - -48 - (-4)/(-2). Suppose -4 = -c + g. Calculate the greatest common factor of l and c.
7
Let r be (-42)/(-4)*2/3. Calculate the greatest common divisor of r and 6.
1
Suppose 85 = 2*r + 3*s, -4*r + 2*s + 8 = -122. Let t(y) = -2*y**2 - 64*y - 307. Let i be t(-6). Calculate the greatest common divisor of i and r.
5
Let n = 145 - 141. Calculate the greatest common factor of 32 and n.
4
Let j(d) = -2*d + 2. Let q be j(0). Suppose 3*n - 320 = q*t, 0*n - 4*n = -t - 435. Calculate the highest common factor of 10 and n.
10
Let l(n) = 16*n - 28. Let d be l(10). What is the greatest common divisor of d and 36?
12
Let h(r) be the first derivative of r**2/2 - 3*r + 3. Let u be h(7). Suppose -2*x - u = -6. Calculate the highest common factor of 9 and x.
1
Let v(j) = j**3 + 6*j**2 + j + 9. Let x be v(-6). Suppose x*q = 33 - 3. Calculate the greatest common factor of q and 10.
10
Let p be 20*(2 + 1 - 2). Suppose 4*g = -3*y + 557, -618 = -3*g + 3*y - 195. Calculate the highest common divisor of p and g.
20
Let g(t) = t**3 - 29*t**2 + 27*t + 40. Let z be g(28). Let a be (-18)/4*32/(-6). What is the greatest common factor of z and a?
12
Let v be (-6)/(-18)*-3 - -7. Calculate the greatest common factor of v and 4.
2
Let m(t) = 2*t**2 + 16*t + 27. Let j = 12 + -21. Let n be m(j). Let w = 20 - 2. Calculate the highest common factor of n and w.
9
Suppose 2*q - 444 = -2*x, 5*q - 2*x - 94 = 1037. What is the highest common divisor of q and 10?
5
Suppose -5*g = 2*b - 120, -4*b + 63 = 4*g - 201. Suppose y - 10 = -c, c - 8 = y + 10. What is the highest common factor of b and c?
14
Let f(t) = 81*t + 4. Let w be f(1). Calculate the greatest common factor of w and 1.
1
Let g = -106 - -116. Let d be g*3/((-9)/(-48)). Calculate the highest common factor of 16 and d.
16
Suppose -638 = -c + 12*z - 10*z, -2 = -2*z. Calculate the greatest common factor of 384 and c.
128
Suppose 0 = -2*i + 54 + 216. Let y be (-3)/((-10)/((-40)/6)). Let o be (0 - y)*i/10. What is the highest common factor of o and 3?
3
Let s = 5 - 0. Suppose -n = -s*t - 21, 38 = -4*n - 4*t + 122. Calculate the highest common divisor of n and 210.
21
Suppose 12 = 3*v + 5*x, 0 = -3*x + x - 6. Let k be (-7 - v)*2/4. Let p be 32/(-12)*270/k. Calculate the greatest common divisor of 18 and p.
18
Let j be (-11)/(110/80) - -127. Let i = 5 - -12. What is the highest common divisor of j and i?
17
Let d be 67/134*(-940)/(-1). Calculate the greatest common divisor of 10 and d.
10
Suppose -a + 1 = 2*d - 33, 3*a - 2*d = 70. What is the greatest common divisor of 286 and a?
26
Let j = -217 + 225. What is the highest common divisor of 1 and j?
1
Suppose h + 2*h - 12 = -3*p, 0 = -5*h - 4*p + 22. Let t = 2 - -1. Suppose -t*g = -9 - h. Calculate the greatest common divisor of g and 45.
5
Suppose -d + 2*z + 174 = 0, -2*d + 2*z = d - 526. Let h be -4*1/(-10) - 23/(-5). Suppose 85 - h = 5*i. Calculate the greatest common factor of i and d.
16
Let t = 1373 - 898. What is the greatest common divisor of t and 25?
25
Suppose -16 = -g - 2*n, -11*g + 3*n - 94 = -16*g. Calculate the highest common factor of 25 and g.
5
Suppose -9*m = -5*m - 24. Suppose 6 = v + 4. Suppose -q = 3*b - 5*b - 1, v*b = 3*q - 7. What is the highest common factor of q and m?
3
Let q = -21 + 19. Let a be (((-40)/4)/1)/q. Suppose -4*f + 31 = -9. Calculate the greatest common divisor of f and a.
5
Let m be (0/(-4))/(-4) + 1 + -4. Let q be ((-4)/m)/((-12)/(-108)). Calculate the highest common divisor of q and 12.
12
Let u be ((-24)/(-16))/((-1)/(-26)). Suppose 6*x = 3*x + u. Calculate the highest common divisor of x and 26.
13
Suppose 0 = -a - 7 + 9. Let w = 5 - a. Calculate the greatest common divisor of 27 and w.
3
Let y = -105 - -190. Calculate the highest common factor of y and 34.
17
Suppose 0 = 2*c + 3 - 75. Let k be c/45*(-30)/(-4). Suppose 4*l - 3*t + 8*t - 4 = 0, 0 = -4*l - t + 20. Calculate the highest common factor of k and l.
6
Let z = 5 + -2. Let h(y) = -3*y**2 - 4*y**z - 2 - y + 5*y + 6*y**3 + 2*y**3. Let n be h(3). Calculate the highest common factor of 13 and n.
13
Suppose -16 = -4*o - 0. Suppose -63 = q - 2*q - f, -o*f = 2*q - 132. Calculate the highest common factor of q and 20.
20
Suppose -3*d - 55 = -4*r + 2*r, -2*d = r - 10. Let v be 3/4 - (-85)/r. Let q be v/(-3)*(-6)/5. What is the greatest common divisor of q and 2?
2
Suppose 2*p = 12*p - 80. Let h be (-190)/(-8) + (-2)/(-64)*p. Suppose 2*u + 2*c = 424, 45 = 4*u + 2*c - 811. Calculate the greatest common factor of u and h.
24
Let a be (-665)/(-25) - 6/10. Suppose 3*t - 5*s = -11, -t - 3*s + 0 = -1. Let p be (1/t)/((-6)/156). Calculate the highest common divisor of a and p.
13
Suppose -29 = c - 93. Calculate the greatest common factor of c and 96.
32
Let f be 64/10 - 6/15. Suppose -s + 1 = 2*w - 0*s, -w + 5*s = -28. Suppose 3*i - 9 = w. What is the highest common factor of f and i?
2
Suppose 3*m - 25 = 122. Suppose 0 = 4*c - 59 - m. What is the highest common factor of c and 54?
27
Let f = -2799 + 2817. Let g = 48 + -3. Calculate the greatest common divisor of g and f.
9
Let l(c) = -3*c**3 - 6*c**2 + 2*c + 24. Let s be l(-3). Calculate the highest common factor of 585 and s.
45
Let u be -1 + 4 + -4 + -5. Let l be 6 - -1*(u + 3). Let r be (-6 + 3)/l - -11. Calculate the greatest common factor of r and 20.
10
Let l be 0 - -2 - (2 + -2). Suppose l = o - 7. Calculate the highest common factor of o and 45.
9
Suppose 12*d = 134 + 34. Let f be 15*1 + 2/(-2). What is the greatest common factor of f and d?
14
Let v be -22*(-3)/6 + 3*1. Calculate the highest common divisor of 7 and v.
7
Suppose -122 = -2*p + 40. Let i = -57 + p. Let l = -2 + i. Calculate the greatest common factor of 198 and l.
22
Let d(u) = -u + 29. Suppose -o - 2*f + 16 = -0*o, -2*o - 2*f + 30 = 0. Let m be d(o). Suppose 5*n = m + 35. What is the highest common factor of 110 and n?
10
Let g = 463 + -407. What is the highest common divisor of g and 112?
56
Let y = -105 - -416. Suppose -4*h = -2*a - 1538, -h - 4*a + 51 = -y. Suppose 46 = -3*l + h. Calculate the highest common divisor of 14 and l.
14
Suppose x - 65 = -0*h - 2*h, x - 77 = h. Suppose -2*v + 2*i + 0*i + 122 = 0, v = -2*i + x. What is the greatest common divisor of v and 39?
13
Suppose 13*m + 829 - 2376 = 0. Calculate the highest common factor of 17 and m.
17
Suppose s = 2*h - 985, 6*h - 2*s = 7*h - 490. What is the highest common divisor of 41 and h?
41
Let a be 1035/30*(448/12)/4. What is the greatest common factor of 92 and a?
46
Suppose -68*y - 7*y = -3375. Calculate the greatest common divisor of y and 95.
5
Suppose 0 = 4*c - 0*c - 24. Let i be 4/c*-3 + 18. Calculate the greatest common factor of i and 144.
16
Let f be 85/34*(2*1)/(-1). Let s be (2 - 11/f)*(3 - -2). What is the highest common factor of 105 and s?
21
Suppose 3*z - 4*i = 7*z - 476, 3*z - 2*i - 382 = 0. Suppose -x + 0*x = -z. What is the highest common factor of x and 31?
31
Let x = 4 + 8. Calculate the greatest common factor of 288 and x.
12
Let z be ((-2184)/16)/(-13)*8. What is the greatest common divisor of z and 56?
28
Suppose 20*f = -2*x + 15*f + 80, 74 = 3*x - 4*f. What is the highest common divisor of 150 and x?
30
Suppose 2*q - 70 = -2*x + 18, -4*q + 166 = -x. What is the greatest common factor of q and 28?
14
Let q be (1488/2728)/(4/154). Let o be (154/6 + 0)*9. Calculate the highest common factor of q and o.
21
Let m = -4 + 7. Suppose -m*l + 5*h = -152 - 230, -l + 125 = -4*h. Suppose 0 = 2*g - l + 25. What is the highest common factor of 13 and g?
13
Let x(r) = r**3 + 11*r**2 - r + 22. Let v be x(7). Calculate the greatest common divisor of v and 69.
69
Suppose 0 = 5*s - 8*s - 3, 3 = g + 4*s. Let y be (0 - 3) + g + -2. Suppose t + 1 = 2*t - r, t + y*r = 10. Calculate the highest common factor of t and 2.
2
Suppose 3*d - f = 79, 0*d + 4*f = d - 8. Let n = 118 - 65. Let c = -49 + n. What is the greatest common factor of d and c?
4
Let t = -130 - -145. What is the greatest common factor of 1830 and t?
15
Let r = -101 - -216. Suppose -4*z = -r + 35. What is the highest common factor of z and 5?
5
Let y(u) = -u**3 + 4*u**2 +